
In base 16, what is -5 + 347937?
347932
In base 11, what is 3 + 13842911?
13842914
In base 4, what is -1012003202 - 22300?
-1012032102
In base 9, what is -87220057 - 5?
-87220063
In base 13, what is -9 - 1442a?
-14436
In base 13, what is -10a8c + -301?
-11090
In base 9, what is -253 + 22102?
21738
In base 3, what is -1002020 + -22011120?
-100020210
In base 10, what is -138 + 321882?
321744
In base 6, what is 10044300204 + -21?
10044300143
In base 16, what is -1c6c2e - -e?
-1c6c20
In base 7, what is -15265000 + 10?
-15264660
In base 7, what is 31000 + 34434?
65434
In base 7, what is 1125 - -223125?
224253
In base 2, what is -101001000111110111000011 + 10010?
-101001000111110110110001
In base 2, what is -11000000000101011 - -100?
-11000000000100111
In base 5, what is -34234 - -420121?
330332
In base 5, what is -44422 + -140031?
-240003
In base 12, what is 48354b2 + 2?
48354b4
In base 8, what is 26773344 + -2?
26773342
In base 4, what is -12 + -233232200300?
-233232200312
In base 14, what is -3a077 + 5ca?
-3988b
In base 3, what is 212100222112022 - -120?
212100222112212
In base 14, what is 9325 + -679?
8a8a
In base 10, what is 265073 - -12?
265085
In base 6, what is 40355402 - -1030?
40400432
In base 6, what is 2020003 + -1313?
2014250
In base 8, what is 16656265 - 17?
16656246
In base 5, what is -140432222223 + -3?
-140432222231
In base 6, what is -105350532 - -1?
-105350531
In base 15, what is 2 + 61cb48?
61cb4a
In base 7, what is -35316 + 625?
-34361
In base 3, what is -1102022010102 - 102?
-1102022010211
In base 9, what is 651074 - -6?
651081
In base 13, what is -1c0c46 + 15?
-1c0c31
In base 4, what is 23000 + -120011203?
-113322203
In base 14, what is 833a9 - 11?
83398
In base 4, what is 3 - 100301213?
-100301210
In base 10, what is 43 + 216058?
216101
In base 16, what is -102c + -4b26?
-5b52
In base 5, what is -4100104122 - 3?
-4100104130
In base 2, what is -11000011111001 + -1011101000?
-11001111100001
In base 6, what is 4152253 - 10314?
4141535
In base 9, what is 381621 - -1730?
383451
In base 6, what is -14433 + 153032?
134155
In base 16, what is -164 - fa2de?
-fa442
In base 4, what is -1 + 22333101003?
22333101002
In base 2, what is -1011010101100011 - -10011010?
-1011010011001001
In base 10, what is -74877 + 4266?
-70611
In base 14, what is 388115 + a?
388121
In base 13, what is -139c + -123cb?
-1379a
In base 15, what is -406 - -405d?
3b57
In base 15, what is 1 + ebdaa6?
ebdaa7
In base 15, what is c7b3 + -1a29?
ac89
In base 13, what is 1476a - -2?
1476c
In base 2, what is -1110100111001010100100011 - -101?
-1110100111001010100011110
In base 4, what is 10213 - -10102123?
10113002
In base 2, what is -101000011000111000 + 101001?
-101000011000001111
In base 3, what is 1 + 10102222010201?
10102222010202
In base 12, what is 13920 - 307a?
10862
In base 14, what is 1c847 - -233?
1ca7a
In base 6, what is -2543 + -101520?
-104503
In base 10, what is 9 - -2990276?
2990285
In base 9, what is -7746288 - 33?
-7746332
In base 13, what is 66 + 892761?
8927c7
In base 9, what is 66354 - 721?
65533
In base 10, what is 3067962 - 20?
3067942
In base 4, what is -12 + 22110110012?
22110110000
In base 5, what is -3021122114304 - -2?
-3021122114302
In base 13, what is 5 - -7522c2a?
7522c32
In base 14, what is -1db - abc54?
-ac051
In base 4, what is -213 + -232012123?
-232013002
In base 5, what is -1430 + -103102?
-110032
In base 12, what is -249a + -1348?
-3826
In base 7, what is -6 + -6352261?
-6352300
In base 6, what is -40553 + 33130?
-3423
In base 10, what is -62 + 140916?
140854
In base 9, what is -772 + -1345158?
-1346041
In base 15, what is -4d1 + a594?
a0b3
In base 11, what is -2 + 640621?
64061a
In base 3, what is -1100021020020201 - 11?
-1100021020020212
In base 9, what is 114 - 154630?
-154515
In base 9, what is 1384 - 118174?
-116680
In base 9, what is -2685212470 - -1?
-2685212468
In base 11, what is 10 - -18905?
18915
In base 8, what is 5130 + 2136?
7266
In base 8, what is 2 - 315711011?
-315711007
In base 14, what is -1518 - -3413?
1cd9
In base 9, what is 3 + 3472080?
3472083
In base 4, what is 1012 - 2122002302?
-2122001230
In base 12, what is 8238 + -2043?
61b5
In base 8, what is -4 + -46542166?
-46542172
In base 15, what is -1dae95 + -11?
-1daea6
In base 9, what is 5213 + 571503?
576716
In base 9, what is -75 - 654340?
-654425
In base 5, what is 204 + -314201004?
-314200300
In base 16, what is d855d1 - 2e?
d855a3
In base 10, what is 2943689 - 3?
2943686
In base 15, what is -dc + 4edc?
4e00
In base 9, what is 8558222 + -4?
8558217
In base 3, what is -10000211102221010101 - 10?
-10000211102221010111
In base 6, what is 13055 - -41345?
54444
In base 5, what is -3010330200 - -4?
-3010330141
In base 2, what is -110001010111000111010000 + 101?
-110001010111000111001011
In base 13, what is -1299 + 647?
-952
In base 7, what is -1322506 + 4050?
-1315426
In base 3, what is 1102002002021 - 20?
1102002002001
In base 11, what is -10 - 34810652?
-34810662
In base 13, what is 387c88 + -55?
387c33
In base 13, what is -643b7 - -41?
-64376
In base 2, what is -111000101 - -1110110001101000?
1110101010100011
In base 12, what is 1695b69 - 6?
1695b63
In base 3, what is 10211000210001 - 101?
10211000202200
In base 3, what is 10001012122222 + 221?
10001012200220
In base 6, what is 255 + 221314?
222013
In base 7, what is -54022 + -54?
-54106
In base 2, what is -1011000001101100 - -100000010011110?
-110111111001110
In base 9, what is -110 - 6277688?
-6277808
In base 15, what is -abca - -1699?
-9531
In base 7, what is -23 + 46111430?
46111404
In base 11, what is aa392711 - -3?
aa392714
In base 2, what is -1000100111101 - -10101001110011001?
10100001001011100
In base 6, what is 22223 + -305?
21514
In base 6, what is 154311 + 212421?
411132
In base 9, what is 107 - -26463?
26571
In base 2, what is -10000000000010001110001010011 + -100?
-10000000000010001110001010111
In base 2, what is -10000001101000 - 11011101100110000?
-11101101110011000
In base 5, what is -123 + -141203?
-141331
In base 9, what is -76 - 15066076?
-15066163
In base 8, what is -6635 + -11013?
-17650
In base 3, what is -2210 + -1001220011001110?
-1001220011011020
In base 8, what is -3722601 - 71?
-3722672
In base 9, what is 20176 + -52?
20124
In base 11, what is -191a33 + -15?
-191a48
In base 16, what is -3 - -584cf7?
584cf4
In base 4, what is 0 + 320101223332?
320101223332
In base 3, what is 12221122212020011 + -12?
12221122212012222
In base 11, what is 8513 - -82143?
8a656
In base 16, what is c3b4fd8 - -5?
c3b4fdd
In base 6, what is -143025 - 13301?
-200330
In base 13, what is 39660 + 294c?
3c2ac
In base 10, what is 29 - -1864663?
1864692
In base 8, what is -52566 + 255?
-52311
In base 3, what is 120201121 + -2212101?
110212020
In base 14, what is 1603 - -1806?
3009
In base 2, what is -1011001000111001 + 111100101?
-1011000001010100
In base 15, what is 316 + -48ee7?
-48bd1
In base 4, what is -20100031 - -102130?
-13331301
In base 8, what is -2766102245 + 0?
-2766102245
In base 15, what is -1e5a - -11d4?
-c76
In base 9, what is 8601633 - 21?
8601612
In base 5, what is 144243240 + 0?
144243240
In base 11, what is -26 + -35466037?
-35466062
In base 4, what is -101221310 - 1223211?
-103111121
In base 16, what is 1649d56 + b?
1649d61
In base 9, what is -113716 - -18444?
-84262
In base 9, what is -15412804 - -2?
-15412802
In base 8, what is 133 - -41026336?
41026471
In base 7, what is -51365465 + -10?
-51365505
In base 13, what is 3337 - -11ca?
4534
In base 7, what is -202023 - 255?
-202311
In base 16, what is 520575 + 83?
5205f8
In base 15, what is -9809 + 14dc?
-831c
In base 12, what is 4171 - -218?
4389
In base 5, what is 21 + -422014?
-421443
In base 10, what is -23 - -251051?
251028
In base 12, what is -1b3 + -16a9b?
-17092
In base 11, what is -2 - -18905047?
18905045
In base 14, what is 8a - 79749?
-7969d
In base 13, what is 337 - -2471?
27a8
In base 10, what is 9 - 1796337?
-1796328
In base 14, what is 2881a - -64?
28880
In base 5, what is -44 - -1000440230?
1000440131
In base 16, what is 2de + -20d?
d1
In base 10, what is 646 - -420799?
421445
In base 8, what is -43354226 + 1?
-43354225
In base 2, what is -11000 - 11101100011110101100?
-11101100011111000100
In base 8, what is 32370711 + -104?
3